ed by 42?
36
Calculate the remainder when 1317 is divided by 43.
27
Calculate the remainder when 1616 is divided by 108.
104
What is the remainder when 33 is divided by 6?
3
What is the remainder when 163 is divided by 71?
21
Calculate the remainder when 4521 is divided by 206.
195
Calculate the remainder when 579 is divided by 206.
167
Calculate the remainder when 423 is divided by 38.
5
Calculate the remainder when 327 is divided by 123.
81
What is the remainder when 54 is divided by 12?
6
Calculate the remainder when 572 is divided by 103.
57
Calculate the remainder when 258 is divided by 90.
78
What is the remainder when 2077 is divided by 14?
5
Calculate the remainder when 606 is divided by 17.
11
Calculate the remainder when 2410 is divided by 36.
34
Calculate the remainder when 782 is divided by 49.
47
What is the remainder when 1489 is divided by 405?
274
Calculate the remainder when 146 is divided by 54.
38
What is the remainder when 439 is divided by 145?
4
Calculate the remainder when 75 is divided by 3.
0
Calculate the remainder when 547 is divided by 51.
37
What is the remainder when 1304 is divided by 73?
63
Calculate the remainder when 591 is divided by 27.
24
What is the remainder when 2901 is divided by 33?
30
Calculate the remainder when 186 is divided by 7.
4
Calculate the remainder when 1221 is divided by 60.
21
What is the remainder when 1416 is divided by 49?
44
Calculate the remainder when 174 is divided by 26.
18
What is the remainder when 519 is divided by 254?
11
What is the remainder when 83 is divided by 62?
21
Calculate the remainder when 7297 is divided by 10.
7
What is the remainder when 3704 is divided by 206?
202
Calculate the remainder when 2081 is divided by 259.
9
What is the remainder when 32772 is divided by 23?
20
What is the remainder when 4089 is divided by 66?
63
What is the remainder when 2809 is divided by 83?
70
Calculate the remainder when 1314 is divided by 167.
145
What is the remainder when 249 is divided by 63?
60
What is the remainder when 44413 is divided by 53?
52
Calculate the remainder when 109 is divided by 7.
4
What is the remainder when 170 is divided by 18?
8
Calculate the remainder when 525 is divided by 110.
85
What is the remainder when 4426 is divided by 18?
16
What is the remainder when 184 is divided by 7?
2
What is the remainder when 366 is divided by 74?
70
Calculate the remainder when 101 is divided by 21.
17
What is the remainder when 111 is divided by 7?
6
What is the remainder when 1313 is divided by 18?
17
What is the remainder when 16 is divided by 7?
2
Calculate the remainder when 4542 is divided by 46.
34
Calculate the remainder when 1840 is divided by 42.
34
What is the remainder when 174 is divided by 7?
6
Calculate the remainder when 361 is divided by 152.
57
Calculate the remainder when 319 is divided by 14.
11
What is the remainder when 545 is divided by 26?
25
Calculate the remainder when 309 is divided by 69.
33
What is the remainder when 1705 is divided by 38?
33
What is the remainder when 517 is divided by 40?
37
Calculate the remainder when 635 is divided by 49.
47
What is the remainder when 1890 is divided by 24?
18
What is the remainder when 19 is divided by 8?
3
Calculate the remainder when 241 is divided by 23.
11
What is the remainder when 20 is divided by 10?
0
Calculate the remainder when 430 is divided by 9.
7
What is the remainder when 3538 is divided by 41?
12
What is the remainder when 85 is divided by 23?
16
Calculate the remainder when 40 is divided by 16.
8
What is the remainder when 486 is divided by 95?
11
What is the remainder when 1079 is divided by 12?
11
What is the remainder when 200 is divided by 90?
20
What is the remainder when 938 is divided by 9?
2
What is the remainder when 1392 is divided by 692?
8
Calculate the remainder when 643 is divided by 237.
169
Calculate the remainder when 735 is divided by 279.
177
What is the remainder when 176 is divided by 43?
4
What is the remainder when 79 is divided by 28?
23
Calculate the remainder when 170 is divided by 35.
30
What is the remainder when 593 is divided by 85?
83
What is the remainder when 113 is divided by 7?
1
What is the remainder when 530 is divided by 53?
0
Calculate the remainder when 100 is divided by 40.
20
What is the remainder when 2348 is divided by 12?
8
Calculate the remainder when 93 is divided by 72.
21
Calculate the remainder when 140 is divided by 89.
51
What is the remainder when 377 is divided by 14?
13
Calculate the remainder when 239 is divided by 22.
19
What is the remainder when 186 is divided by 58?
12
What is the remainder when 49 is divided by 20?
9
What is the remainder when 316 is divided by 107?
102
What is the remainder when 813 is divided by 305?
203
Calculate the remainder when 276 is divided by 56.
52
Calculate the remainder when 206 is divided by 71.
64
What is the remainder when 84 is divided by 18?
12
What is the remainder when 963 is divided by 23?
20
Calculate the remainder when 956 is divided by 11.
10
What is the remainder when 136 is divided by 14?
10
Calculate the remainder when 2297 is divided by 50.
47
Calculate the remainder when 1979 is divided by 631.
86
What is the remainder when 318 is divided by 80?
78
Calculate the remainder when 1143 is divided by 571.
1
Calculate the remainder when 169 is divided by 100.
69
What is the remainder when 686 is divided by 32?
14
What is the remainder when 620 is divided by 305?
10
What is the remainder when 13142 is divided by 106?
104
What is the remainder when 9817 is divided by 3271?
4
Calculate the remainder when 78 is divided by 17.
10
What is the remainder when 210 is divided by 53?
51
Calculate the remainder when 58 is divided by 17.
7
What is the remainder when 115 is divided by 10?
5
Calculate the remainder when 1097 is divided by 103.
67
Calculate the remainder when 160 is divided by 19.
8
What is the remainder when 3087 is divided by 73?
21
What is the remainder when 136 is divided by 51?
34
What is the remainder when 11679 is divided by 148?
135
Calculate the remainder when 10617 is divided by 354.
351
Calculate the remainder when 460 is divided by 117.
109
What is the remainder when 125 is divided by 76?
49
What is the remainder when 200 is divided by 31?
14
What is the remainder when 310 is divided by 103?
1
What is the remainder when 237 is divided by 107?
23
What is the remainder when 643 is divided by 8?
3
What is the remainder when 2997 is divided by 100?
97
What is the remainder when 282 is divided by 19?
16
Calculate the remainder when 117 is divided by 42.
33
What is the remainder when 30 is divided by 3?
0
What is the remainder when 128 is divided by 13?
11
Calculate the remainder when 1520 is divided by 250.
20
Calculate the remainder when 639 is divided by 317.
5
What is the remainder when 96 is divided by 32?
0
What is the remainder when 842 is divided by 13?
10
Calculate the remainder when 2338 is divided by 22.
6
Calculate the remainder when 3907 is divided by 650.
7
What is the remainder when 1144 is divided by 83?
65
What is the remainder when 588 is divided by 40?
28
What is the remainder when 618 is divided by 89?
84
What is the remainder when 4233 is divided by 45?
3
Calculate the remainder when 348 is divided by 197.
151
Calculate the remainder when 64 is divided by 10.
4
Calculate the remainder when 63 is divided by 26.
11
Calculate the remainder when 51 is divided by 27.
24
What is the remainder when 1599 is divided by 15?
9
What is the remainder when 3452 is divided by 144?
140
What is the remainder when 424 is divided by 95?
44
Calculate the remainder when 1189 is divided by 282.
61
Calculate the remainder when 4234 is divided by 53.
47
What is the remainder when 398 is divided by 10?
8
Calculate the remainder when 39 is divided by 31.
8
Calculate the remainder when 224 is divided by 64.
32
Calculate the remainder when 571 is divided by 6.
1
What is the remainder when 3330 is divided by 104?
2
What is the remainder when 143 is divided by 6?
5
Calculate the remainder when 74 is divided by 8.
2
What is the remainder when 1351 is divided by 447?
10
What is the remainder when 739 is divided by 93?
88
What is the remainder when 131 is divided by 38?
17
What is the r